. What is the highest common factor of a and 22?
22
Suppose -6*i + 72 = -0*i. What is the greatest common factor of 96 and i?
12
Suppose -p - 3*l = l - 30, -2*p = l - 53. Suppose p = -4*i - 70. Let a = 43 + i. What is the highest common divisor of a and 95?
19
Suppose 3*p = p. Suppose p = 5*n + 20 - 70. What is the highest common divisor of n and 40?
10
Suppose 2*y + 148 = 4*p + 16, 5*p + 3*y = 176. Calculate the greatest common divisor of 17 and p.
17
Let g = -222 - -337. What is the greatest common divisor of 5 and g?
5
Let j(d) = 17*d + 1. Let c be j(3). Suppose 35 = 5*y - 30. Calculate the highest common factor of y and c.
13
Suppose -5*o - 2*t + 6 = -6*o, 0 = -o - t + 9. Calculate the highest common divisor of o and 4.
4
Let g = 4 + 3. Suppose -a - 63 = -4*a. Calculate the highest common factor of a and g.
7
Suppose -l = 2*l - 144. Let y = 170 - 74. Suppose 3*x = -0*x + y. What is the highest common factor of x and l?
16
Let v = -1 - -4. Suppose -3994 = 5*x - n - 599, -4*x + v*n = 2727. Let t be x/(-9) - (-2)/(-6). Calculate the greatest common factor of 15 and t.
15
Suppose 0*t = 2*t - 26. Let s = 7 + t. What is the highest common divisor of 8 and s?
4
Let q(a) = 19*a - 2. Suppose 3*u + u - 4 = 0. Let z be q(u). Calculate the highest common divisor of 68 and z.
17
Let f(o) = -o**2 - 11*o + 6. Let i be f(-9). What is the greatest common divisor of 60 and i?
12
Let s = -12 - -120. Let d(z) = 13*z**3 - 2*z**2 + 3*z - 2. Let l be d(1). What is the highest common factor of s and l?
12
Let y be (52/(-78))/((-2)/396). What is the greatest common divisor of 12 and y?
12
Suppose -2*u + 10 = -8. Let p(w) = -w - 12. Let q be p(-8). Let c(b) = b**2 + b - 3. Let x be c(q). What is the greatest common factor of x and u?
9
Let a(s) = s + 12. Let g be a(3). What is the highest common factor of g and 6?
3
Suppose 4*t = 2*t + 10. Let f(m) = -m**2 + 4*m + 4. Let q be f(4). Suppose -1 = -v + 4*i - q, t*v + 4*i - 33 = 0. What is the highest common divisor of 1 and v?
1
Suppose -32 - 120 = -2*j. Calculate the highest common divisor of j and 19.
19
Suppose 5*b + 0*b = 0. Suppose -3*g + b = -3. Calculate the greatest common factor of 4 and g.
1
Let g(v) = -v**3 + 4*v**2 + 2*v - 5. Let r be g(4). Calculate the highest common factor of 1 and r.
1
Let k be ((-28)/(-5))/(10/25). Calculate the greatest common divisor of k and 14.
14
Let f = -35 - -58. What is the highest common factor of f and 46?
23
Let k = -2 + 4. Suppose -k*c = c. Suppose 4*j + c*j - 60 = 0. What is the highest common factor of 45 and j?
15
Let s(i) = 1. Let o(q) = q. Let j(p) = -4*o(p) + 4*s(p). Let d be j(-4). What is the highest common factor of 4 and d?
4
Suppose -15 = 5*g, -16 = 3*q + 3*g - 67. What is the greatest common divisor of q and 40?
20
Let g(j) = j**2 + 3*j - 2. Let s be g(2). Let b = -23 - -45. Suppose 0 = -h - 6 + b. Calculate the greatest common factor of s and h.
8
Let x be 0 - 0 - (4 + -24). Let m be (-15)/x*21*-4. Suppose -4*v = -3*t - m, 0*v = -v + 5*t + 3. Calculate the greatest common divisor of 27 and v.
9
Suppose 2*x + 3*p - 27 = 0, 0 = -6*x + x - p + 61. Let h be 5 + 3 + (4 - 0). Calculate the greatest common factor of h and x.
12
Suppose -u = -p + 13, 2*p - u = 4*p - 20. What is the highest common divisor of 44 and p?
11
Let a be 0 + (-1)/1 + -166. Let w = a - -310. Let z(g) = -g**3 - g**2 + 2*g + 1. Let i be z(-3). What is the highest common factor of i and w?
13
Suppose -2*r = 5*n - 2, 6 = -5*r + 4*n + 44. Suppose 2*o - 20 = -5*c - 0*o, -3*c + 21 = 3*o. Calculate the greatest common factor of c and r.
2
Let t be (2 + 10)/(4/6). Let a = -10 + 25. Suppose -2*i - a = -3*r - 51, i - r - 18 = 0. Calculate the greatest common divisor of i and t.
18
Let p = -96 + 142. Let z be p/8 + (-2)/(-8). Calculate the highest common divisor of z and 2.
2
Suppose -8*u + 7*u + 1 = 0. What is the highest common divisor of u and 4?
1
Let p = 46 + -32. Let t = 34 - 20. Calculate the highest common divisor of t and p.
14
Suppose -k - 2*z - 26 = -5*k, -2*k + 4 = 2*z. Suppose -k*t = -t - 32. What is the highest common factor of 20 and t?
4
Let k = 16 - 7. Let z = 107 + -54. Suppose -44 = -4*y - 2*t, -4*y + z + 3 = 5*t. Calculate the highest common divisor of k and y.
9
Let l be (-6)/(-27) + (-191)/9. Let y = -32 - l. Let n = 131 + y. Calculate the highest common factor of 15 and n.
15
Let d(u) = u**2 + 12*u - 5. Let o be d(-7). Let y be o/(1 - 6/3). Calculate the greatest common divisor of y and 10.
10
Suppose 3*y = 26 + 22. What is the highest common divisor of y and 8?
8
Suppose -2*c + 11*c = 288. What is the greatest common factor of 16 and c?
16
Suppose 0*d + 6 = -3*d. Let p(j) = j**2 + j - 1. Let l be p(d). Calculate the highest common factor of 7 and l.
1
Let f(d) = d**3 + 4*d**2 + d - 2. Let k be f(-2). Let x(s) = -s**3 + 6*s**2 - 5*s. Let a be x(k). What is the highest common divisor of a and 12?
12
Let h be 30/(-4)*(-4)/3. Let x(l) = l - 7. Let m be x(h). What is the greatest common divisor of 12 and m?
3
Let h(o) = -o**3 - 3*o**2 + 7*o - 1. Let q be h(-5). Let l(n) = -26*n + 4 - 8*n - 3 + 1. Let u be l(-2). What is the greatest common divisor of u and q?
14
Suppose -6*x = -x + 5, 2*l + x - 189 = 0. Calculate the greatest common factor of 19 and l.
19
Let y = 109 - -12. Suppose -67*g + 66*g = -11. Calculate the greatest common factor of y and g.
11
Let a be 2/(-9) + 12/54. Let y = 4 - a. Let r be (66/y)/((-6)/(-8)). What is the highest common factor of r and 55?
11
Suppose -2*t + 6*m = 4*m - 32, 4*t = -3*m + 92. Let o be (-2)/8 - 83/4. Let i = 31 + o. What is the greatest common divisor of t and i?
10
Let l be 3055/20 - 1/(-4). What is the highest common factor of l and 17?
17
Suppose -2*u + 3*k = u - 978, 4*u + k = 1319. Suppose -4*w - 77 = -u. Let b(z) = 3*z - 2. Let v be b(3). What is the highest common factor of w and v?
7
Let w(b) = b**2 + 6*b - 2. Let t be w(-6). Let a be (-226)/(4/t) - -2. Suppose -5*z + 0*z = -a. Calculate the greatest common factor of 23 and z.
23
Let l = 46 + -22. Suppose -4*q + 5*r = -24, 5*q + 5*r - 30 = -0*r. Let i(m) = 3*m - 6. Let j be i(q). What is the greatest common divisor of j and l?
12
Let r = 30 - -19. Suppose 83 = 3*o - r. Let x = -11 + o. Calculate the highest common factor of 3 and x.
3
Suppose -n + 6*n - 25 = 0. Let g be ((-180)/(-8) + 0)*2. What is the greatest common divisor of n and g?
5
Let y(b) = b**3 + 6*b**2 - 2*b - 4. Let l be y(-6). Suppose -p - 67 = -o, -p - 49 - 82 = -2*o. Calculate the highest common divisor of o and l.
8
Let n = 7 + -5. Suppose 2*j - 5*p = -0*p - 3, -j - 1 = -n*p. What is the greatest common divisor of j and 1?
1
Suppose 2*g - a - 3 = 0, 4*a = g + 5*a. Suppose 4*k + 5*t = 3 + 23, -5*t - 55 = -5*k. What is the highest common divisor of g and k?
1
Let r(a) = -a**3 - 2*a**2 + 2*a + 1. Let o be r(-3). Suppose 4*f - o = -0*f. What is the greatest common factor of 1 and f?
1
Let i(y) = 3*y**2 + 3*y + 3. Let f be i(-4). Suppose -4*d = -g - 102, 4*d + 3*g - 110 = -0*d. Calculate the greatest common divisor of d and f.
13
Let j = 48 - 34. Let q be (-161)/49 + 4/j. Let t be (40/(-6))/(q/18). What is the greatest common divisor of 10 and t?
10
Suppose f - 4*s - 7 = 8, -3*f - s - 7 = 0. Let d be 2*1*(12 - f). Let u be 3*((-260)/(-6))/2. Calculate the greatest common factor of d and u.
13
Let x = -25 + 129. Suppose -4*c - 52 = -2*c. Let m = c + 39. What is the greatest common divisor of x and m?
13
Let k = 79 + -43. Calculate the highest common divisor of 9 and k.
9
Suppose -6*v = -5*v - 13. Calculate the highest common divisor of v and 52.
13
Let s(t) = t + 15. Let c be -2 - -2 - -1 - 1. Let i be s(c). What is the greatest common factor of i and 15?
15
Suppose 2*c = 5*c. Let n(t) = t + 132. Let o be n(c). Calculate the greatest common divisor of o and 12.
12
Let f be ((-2)/(-4))/(1/12). Suppose -2*i + 22 = -i - 2*u, 4*i + 5*u = 62. What is the greatest common factor of i and f?
6
Let r(v) = 67*v**2 + 68*v**2 - 131*v**2 + 1 + v. Let n = -1 - 1. Let z be r(n). Calculate the highest common factor of 135 and z.
15
Suppose 0 = v - 15 - 6. Suppose 0 = 4*a - l - 69, -2*a + a - l + v = 0. Calculate the greatest common divisor of a and 18.
18
Let j = 8 - -12. What is the highest common divisor of 5 and j?
5
Let r be (1 + (-1 - 